ivided by 78.
14
Calculate the remainder when 428 is divided by 10.
8
Calculate the remainder when 978 is divided by 10.
8
What is the remainder when 129 is divided by 122?
7
What is the remainder when 277 is divided by 68?
5
Calculate the remainder when 127 is divided by 48.
31
What is the remainder when 449 is divided by 108?
17
What is the remainder when 294 is divided by 33?
30
Calculate the remainder when 167 is divided by 12.
11
Calculate the remainder when 1201 is divided by 133.
4
What is the remainder when 881 is divided by 9?
8
Calculate the remainder when 1077 is divided by 20.
17
What is the remainder when 916 is divided by 34?
32
What is the remainder when 4409 is divided by 628?
13
What is the remainder when 80 is divided by 60?
20
Calculate the remainder when 350 is divided by 180.
170
Calculate the remainder when 1268 is divided by 412.
32
Calculate the remainder when 249 is divided by 12.
9
Calculate the remainder when 1835 is divided by 142.
131
Calculate the remainder when 310 is divided by 122.
66
What is the remainder when 339 is divided by 105?
24
What is the remainder when 91 is divided by 10?
1
What is the remainder when 206 is divided by 59?
29
What is the remainder when 311 is divided by 21?
17
Calculate the remainder when 1297 is divided by 20.
17
What is the remainder when 16389 is divided by 6?
3
Calculate the remainder when 112 is divided by 33.
13
Calculate the remainder when 72 is divided by 17.
4
What is the remainder when 559 is divided by 359?
200
Calculate the remainder when 3521 is divided by 13.
11
What is the remainder when 1642 is divided by 66?
58
Calculate the remainder when 836 is divided by 195.
56
What is the remainder when 1612 is divided by 18?
10
Calculate the remainder when 96 is divided by 50.
46
What is the remainder when 1086 is divided by 62?
32
What is the remainder when 17 is divided by 6?
5
Calculate the remainder when 582 is divided by 274.
34
Calculate the remainder when 4046 is divided by 22.
20
What is the remainder when 437 is divided by 74?
67
Calculate the remainder when 910 is divided by 893.
17
Calculate the remainder when 1759 is divided by 98.
93
Calculate the remainder when 2467 is divided by 130.
127
Calculate the remainder when 57 is divided by 29.
28
What is the remainder when 102 is divided by 18?
12
Calculate the remainder when 681 is divided by 38.
35
What is the remainder when 84 is divided by 5?
4
What is the remainder when 218 is divided by 16?
10
What is the remainder when 201 is divided by 9?
3
What is the remainder when 395 is divided by 249?
146
What is the remainder when 569 is divided by 16?
9
What is the remainder when 1240 is divided by 307?
12
Calculate the remainder when 5411 is divided by 18.
11
What is the remainder when 516 is divided by 87?
81
Calculate the remainder when 389 is divided by 72.
29
Calculate the remainder when 414 is divided by 247.
167
What is the remainder when 252 is divided by 243?
9
What is the remainder when 2960 is divided by 95?
15
What is the remainder when 317 is divided by 7?
2
Calculate the remainder when 50 is divided by 28.
22
Calculate the remainder when 1325 is divided by 280.
205
Calculate the remainder when 1150 is divided by 575.
0
What is the remainder when 288 is divided by 60?
48
What is the remainder when 1269 is divided by 128?
117
Calculate the remainder when 126 is divided by 16.
14
Calculate the remainder when 42 is divided by 15.
12
What is the remainder when 688 is divided by 673?
15
What is the remainder when 3895 is divided by 65?
60
Calculate the remainder when 572 is divided by 66.
44
What is the remainder when 1052 is divided by 344?
20
Calculate the remainder when 205 is divided by 123.
82
Calculate the remainder when 911 is divided by 83.
81
What is the remainder when 211 is divided by 13?
3
Calculate the remainder when 469 is divided by 94.
93
Calculate the remainder when 89 is divided by 6.
5
Calculate the remainder when 80 is divided by 77.
3
Calculate the remainder when 58 is divided by 22.
14
What is the remainder when 93 is divided by 5?
3
What is the remainder when 2868 is divided by 205?
203
Calculate the remainder when 142 is divided by 15.
7
What is the remainder when 265 is divided by 35?
20
What is the remainder when 590 is divided by 85?
80
What is the remainder when 21 is divided by 11?
10
Calculate the remainder when 5831 is divided by 1942.
5
Calculate the remainder when 472 is divided by 68.
64
What is the remainder when 185 is divided by 31?
30
Calculate the remainder when 6490 is divided by 12.
10
What is the remainder when 1042 is divided by 21?
13
Calculate the remainder when 306 is divided by 11.
9
Calculate the remainder when 511 is divided by 227.
57
What is the remainder when 9859 is divided by 58?
57
Calculate the remainder when 8618 is divided by 19.
11
What is the remainder when 713 is divided by 269?
175
Calculate the remainder when 46 is divided by 11.
2
What is the remainder when 11037 is divided by 48?
45
Calculate the remainder when 581 is divided by 273.
35
Calculate the remainder when 104 is divided by 3.
2
What is the remainder when 631 is divided by 153?
19
What is the remainder when 207 is divided by 25?
7
What is the remainder when 108 is divided by 49?
10
What is the remainder when 375 is divided by 20?
15
What is the remainder when 265 is divided by 90?
85
Calculate the remainder when 754 is divided by 31.
10
Calculate the remainder when 214 is divided by 29.
11
Calculate the remainder when 2972 is divided by 25.
22
What is the remainder when 34 is divided by 19?
15
What is the remainder when 1428 is divided by 534?
360
Calculate the remainder when 125 is divided by 51.
23
Calculate the remainder when 4334 is divided by 173.
9
Calculate the remainder when 124 is divided by 15.
4
What is the remainder when 724 is divided by 197?
133
What is the remainder when 442 is divided by 23?
5
Calculate the remainder when 934 is divided by 145.
64
Calculate the remainder when 206 is divided by 2.
0
What is the remainder when 478 is divided by 13?
10
Calculate the remainder when 2783 is divided by 96.
95
Calculate the remainder when 85 is divided by 73.
12
What is the remainder when 152 is divided by 41?
29
Calculate the remainder when 1567 is divided by 6.
1
Calculate the remainder when 2337 is divided by 39.
36
What is the remainder when 2319 is divided by 80?
79
What is the remainder when 901 is divided by 7?
5
Calculate the remainder when 271 is divided by 39.
37
Calculate the remainder when 1221 is divided by 48.
21
What is the remainder when 272 is divided by 131?
10
Calculate the remainder when 3325 is divided by 30.
25
What is the remainder when 3218 is divided by 133?
26
What is the remainder when 66 is divided by 35?
31
Calculate the remainder when 58 is divided by 50.
8
What is the remainder when 93 is divided by 50?
43
Calculate the remainder when 2111 is divided by 16.
15
Calculate the remainder when 1041 is divided by 81.
69
What is the remainder when 327 is divided by 29?
8
What is the remainder when 51 is divided by 37?
14
What is the remainder when 416 is divided by 43?
29
What is the remainder when 112 is divided by 60?
52
What is the remainder when 4417 is divided by 209?
28
What is the remainder when 386 is divided by 30?
26
What is the remainder when 1181 is divided by 26?
11
What is the remainder when 64 is divided by 10?
4
Calculate the remainder when 999 is divided by 264.
207
Calculate the remainder when 6621 is divided by 72.
69
Calculate the remainder when 2410 is divided by 792.
34
Calculate the remainder when 2762 is divided by 4.
2
Calculate the remainder when 259 is divided by 135.
124
What is the remainder when 230 is divided by 11?
10
Calculate the remainder when 117 is divided by 28.
5
Calculate the remainder when 338 is divided by 87.
77
What is the remainder when 1771 is divided by 4?
3
What is the remainder when 493 is divided by 163?
4
Calculate the remainder when 684 is divided by 230.
224
Calculate the remainder when 797 is divided by 261.
14
What is the remainder when 267 is divided by 130?
7
What is the remainder when 1664 is divided by 15?
14
What is the remainder when 2921 is divided by 38?
33
Calculate the remainder when 5178 i